tor of 475875 and 598545?
2115
Calculate the greatest common divisor of 16626 and 14852886.
978
Calculate the greatest common divisor of 94695855 and 11439.
3813
What is the greatest common divisor of 729 and 79418232?
243
Calculate the greatest common divisor of 463741100 and 1300.
100
Calculate the highest common divisor of 351935 and 21535.
295
What is the highest common factor of 46 and 5939612?
46
Calculate the greatest common factor of 101569 and 292687.
601
Calculate the greatest common divisor of 26616205 and 1925.
385
Calculate the highest common factor of 421761150 and 18.
18
What is the greatest common divisor of 2348650 and 223630?
1070
Calculate the highest common divisor of 14839 and 586245.
209
What is the greatest common factor of 2 and 678311?
1
Calculate the highest common factor of 1039788 and 15300.
612
Calculate the greatest common divisor of 120 and 2385810.
30
Calculate the highest common factor of 2709640500 and 168.
84
Calculate the highest common divisor of 2455 and 8983336.
491
What is the greatest common factor of 690967369 and 29?
29
What is the highest common divisor of 2920 and 8435150?
730
Calculate the highest common divisor of 143072 and 153952.
544
Calculate the highest common divisor of 40504 and 1351821.
5063
Calculate the greatest common factor of 1318410984 and 8984.
8984
Calculate the greatest common factor of 1566510682 and 10516.
5258
Calculate the greatest common divisor of 3158 and 10754569.
1579
What is the highest common divisor of 3930978 and 36992?
578
What is the greatest common divisor of 27803426 and 14704?
1838
Calculate the highest common divisor of 528400 and 20.
20
What is the highest common divisor of 308801 and 11?
1
Calculate the greatest common factor of 4668248 and 23192.
104
What is the highest common factor of 4286224 and 1738?
158
Calculate the greatest common divisor of 2485540 and 8920.
20
Calculate the greatest common divisor of 10200652 and 5236.
308
What is the highest common factor of 1449 and 82350051?
483
What is the highest common divisor of 209365 and 15?
5
Calculate the greatest common factor of 4393586 and 1220.
122
Calculate the highest common divisor of 3868165 and 43993.
1073
What is the highest common divisor of 302242100 and 8?
4
What is the highest common divisor of 5678 and 26792?
34
What is the highest common divisor of 1160005475 and 13810?
6905
Calculate the highest common divisor of 204626268 and 756.
252
What is the highest common divisor of 19306 and 256100?
394
What is the greatest common factor of 530 and 345097310?
530
What is the greatest common factor of 1168 and 114508822?
146
Calculate the highest common divisor of 1010 and 3640545.
505
What is the greatest common divisor of 5617 and 9097408?
41
What is the highest common divisor of 9541 and 973994?
203
What is the greatest common factor of 203014430 and 190?
190
Calculate the highest common factor of 202 and 11505314.
202
Calculate the greatest common factor of 17 and 4656684013.
17
What is the highest common divisor of 1109895435 and 18?
9
Calculate the greatest common factor of 1069510893 and 6897.
6897
What is the highest common divisor of 38080 and 13633235?
595
Calculate the greatest common divisor of 102 and 21764114.
34
What is the highest common divisor of 33696 and 59022?
54
Calculate the highest common divisor of 20 and 3913485.
5
Calculate the greatest common factor of 855 and 1532255.
95
Calculate the greatest common factor of 83657 and 453628.
119
Calculate the highest common factor of 273 and 1844570.
91
What is the greatest common divisor of 6172460 and 60?
20
What is the greatest common factor of 116 and 8694716?
4
Calculate the greatest common factor of 723106496 and 10416.
3472
Calculate the greatest common factor of 1086021 and 189.
27
Calculate the greatest common divisor of 5175 and 46995210.
1035
Calculate the highest common divisor of 90250277 and 13.
13
Calculate the greatest common factor of 8085 and 487410.
1155
Calculate the greatest common factor of 385 and 2587046.
77
Calculate the greatest common divisor of 490829451 and 1842.
921
What is the greatest common divisor of 31709 and 174677?
37
Calculate the greatest common factor of 208 and 84755728.
16
Calculate the greatest common divisor of 10168305 and 8475.
1695
Calculate the highest common divisor of 4232 and 10302804.
2116
Calculate the highest common divisor of 155340024 and 3864.
168
Calculate the greatest common factor of 168 and 14748699.
21
What is the greatest common divisor of 233153 and 113099?
107
What is the highest common divisor of 29822 and 150908?
62
What is the highest common factor of 2745 and 2469951?
549
Calculate the highest common divisor of 1425 and 6256890.
285
What is the greatest common factor of 352 and 1997534?
22
What is the greatest common divisor of 19145257 and 2894?
1447
What is the greatest common factor of 124388 and 128260?
484
Calculate the highest common divisor of 108668436 and 72.
12
What is the greatest common factor of 38112252 and 741?
57
Calculate the highest common factor of 45701040 and 3465.
1155
What is the highest common divisor of 58 and 4850018?
58
Calculate the highest common factor of 2430699 and 141.
141
What is the highest common factor of 506782 and 29624?
1058
What is the greatest common factor of 1010 and 120970?
10
What is the highest common divisor of 2316512 and 101728?
352
Calculate the greatest common factor of 39008 and 43291566.
2438
What is the highest common factor of 185232 and 2805493?
3859
Calculate the highest common divisor of 1538704 and 29104.
272
What is the greatest common divisor of 96 and 129434848?
32
Calculate the highest common factor of 115 and 20418733.
23
Calculate the greatest common factor of 65 and 9676745.
65
Calculate the greatest common factor of 2539867 and 14375.
23
What is the highest common divisor of 60 and 2622450?
30
Calculate the greatest common divisor of 7079478 and 70.
14
What is the highest common factor of 559 and 286871?
13
Calculate the greatest common factor of 3379623 and 390.
39
Calculate the highest common factor of 21449903 and 17.
17
What is the highest common factor of 7693 and 3427781?
1099
Calculate the greatest common factor of 160 and 5543008.
32
Calculate the greatest common divisor of 21346 and 22906.
26
Calculate the greatest common divisor of 11438 and 21843312.
1634
What is the highest common divisor of 3051 and 353214?
27
What is the highest common factor of 6688 and 28406576?
176
Calculate the highest common divisor of 56376 and 11591532.
3132
What is the highest common divisor of 16690 and 17360?
10
What is the greatest common divisor of 446859 and 23821?
287
What is the highest common factor of 319776 and 8032?
32
Calculate the highest common factor of 63 and 86371635.
21
What is the greatest common divisor of 615 and 5449597?
41
Calculate the greatest common divisor of 262975 and 92944.
157
What is the highest common divisor of 197827 and 25606?
413
Calculate the greatest common divisor of 6133094 and 160138.
638
What is the greatest common divisor of 115416 and 3846?
6
What is the greatest common factor of 4475682 and 108?
54
Calculate the highest common divisor of 3394374 and 167520.
2094
What is the greatest common factor of 209250 and 378975?
2325
What is the highest common factor of 2028360 and 3195?
15
Calculate the greatest common factor of 15481 and 489227.
137
What is the greatest common divisor of 14693188 and 11392?
356
Calculate the highest common divisor of 2943173100 and 42.
42
What is the highest common divisor of 1722 and 1470098?
14
Calculate the highest common divisor of 148 and 283619282.
74
What is the greatest common divisor of 2789935476 and 5592?
2796
What is the highest common factor of 1633495 and 8530?
4265
What is the greatest common divisor of 28694972 and 164?
4
What is the highest common divisor of 24530 and 28890?
10
Calculate the highest common factor of 3350 and 107200.
3350
Calculate the greatest common divisor of 248 and 2113208.
248
What is the greatest common divisor of 1963 and 813202?
13
What is the greatest common divisor of 103659 and 298769?
109
What is the highest common divisor of 127590864 and 2876?
2876
What is the greatest common factor of 5554